the remainder when g(s) is divided by 36.
31
Let z(g) = -56*g**2 + g. Let j be z(1). Let t = -38 - j. Let f = 10 - 3. What is the remainder when t is divided by f?
3
Let d(x) = -54*x + 609. Let a = 12 - -62. Suppose h - 5*k - 56 = -h, 5*h - a = -4*k. Calculate the remainder when d(10) is divided by h.
15
Suppose -248 = -2*y - 3*j, 6*j - 10*j - 666 = -5*y. What is the remainder when y is divided by 19?
16
Suppose -3*k = -k - 34. Let d = 41 - 27. Let i = 47 - d. Calculate the remainder when i is divided by k.
16
Suppose -z - 31 = -4*t - 27, -103 = -4*z - t. Calculate the remainder when z is divided by 14 - 0/(4/(-2)).
10
Let w be 3/2*(3 + -1). Let o be (3/6)/(w/24). Suppose o*y + 1 = -r, -2*r + 16 = 2*y - 0. What is the remainder when 30 is divided by r?
8
Let h be 23/(-2*3/(-36)). Suppose 3*f + 3*f = h. Calculate the remainder when (-40)/12*102/(-5) is divided by f.
22
Let s be (1 - -1)/2 + 23. Calculate the remainder when 1/(-2) + (-234)/(-4) is divided by (10/3)/(4/s).
18
Suppose 35 = 4*w - 3*d - 65, -3*w + 64 = -5*d. Suppose 3*i = 7*i - 40. What is the remainder when w is divided by i?
8
Suppose k - 283 = -2*y - 2*y, 0 = 3*y + 3*k - 219. Calculate the remainder when 628 is divided by y.
68
Suppose -53*k = -49*k - 192. Suppose -4 = 3*q - 43. Calculate the remainder when k is divided by q.
9
Let d = -9 + 26. Let o = 2 + d. Suppose 0 = -5*t - 0*t + 3*c + 20, -2*c - 11 = -3*t. Calculate the remainder when o is divided by t.
5
Calculate the remainder when 0/(4 - 2) + -5 - -416 is divided by 69.
66
Suppose j + 165 = 4*j. Let r be 98/35 - 2/(-10) - 23. Let g = j - r. What is the remainder when g is divided by 19?
18
Suppose -56 = -16*o + 72. What is the remainder when 420 is divided by o?
4
Suppose 45 = 5*d - 5*j, -15 = -2*d + j + 4*j. Calculate the remainder when ((-3)/(-4))/(50/4200) is divided by (-32)/d*(-5)/1.
15
Let j(v) = -v**3 + 9*v**2 + 34*v - 12. What is the remainder when j(9) is divided by 60?
54
Suppose 4*j = -5*m + 632, -2*j - 242 = -m - m. What is the remainder when m is divided by 26?
20
Let m(t) = 7*t**2 - 22*t + 39. What is the remainder when 861 is divided by m(3)?
33
Let y be (26/4)/(21/42). Let f(l) = 3*l - 18. Calculate the remainder when f(y) is divided by 6.
3
Let y = -295 + 343. Calculate the remainder when y is divided by 34.
14
Suppose -2*g - 331 = -101. What is the remainder when 31 is divided by 3/(-6) + (g/2)/(-5)?
9
Suppose 0 = 33*y - 393 - 399. Calculate the remainder when 190 is divided by y.
22
Let a = -54 + 63. Suppose -2*p - 38 = -4*w, w + 0*p + 5*p = -7. Suppose 3*s = w*s - 130. What is the remainder when s is divided by a?
8
Let l = 12 - 7. Suppose -g + 8 = 2*f - 7*f, g - 9 = 4*f. Calculate the remainder when g is divided by l.
3
Let a(c) = -c**2 + 17*c - 20. Suppose 3*t = 4*n + 185, -2*t = -5*t - 4*n + 169. Calculate the remainder when t is divided by a(15).
9
Let o = 179 - -77. Calculate the remainder when o is divided by 6.
4
Suppose -6*p - 6 = h - 2*p, 3*p = -3*h. Suppose 3*w - h*z = 71, w + 4*z - 25 = 5*z. Calculate the remainder when 39 is divided by w.
18
Calculate the remainder when (-2)/3 - (-5083)/51 is divided by 93.
6
Suppose -4*f + 19 = -5. What is the remainder when 15 is divided by f?
3
Suppose 42 = -3*d - 3*n, -4*n = n - 25. Let s = d - -33. Suppose -3*l + 32 = -43. What is the remainder when l is divided by s?
11
Let l = -320 - -375. Calculate the remainder when 273 is divided by l.
53
Suppose 2*w = -p + 4*w + 15, 0 = -3*p + 2*w + 29. Let d be -5*(-1)/(1/(-3)). Let q = 10 - d. What is the remainder when q is divided by p?
4
Let i(c) = c**2 - 28*c + 63. Calculate the remainder when 140 is divided by i(27).
32
Suppose 94*i = 64*i + 1320. Let s(w) = -4*w + 4. What is the remainder when i is divided by s(-3)?
12
Let k(x) = -x**3 - 6*x**2 - 7*x - 14. Let u be k(-7). Suppose -26*g = -22*g - u. What is the remainder when 39 is divided by g?
18
Suppose -63 - 177 = -10*q. Calculate the remainder when ((-210)/24)/(3/(-12)) is divided by q.
11
Suppose -4*p + 912 = -4*j, -48*p + 1110 = -43*p + j. Calculate the remainder when p is divided by 48.
31
Let i(z) = z + 7. Let o be ((-4)/(-6) + (-3)/(-9))*43. Let q = o + -37. Calculate the remainder when q is divided by i(-5).
0
Let g(d) = -d + 11. Let j be g(6). Suppose j*i + 64 = 13*i. Calculate the remainder when 20 is divided by i.
4
Let s = -1389 - -1474. What is the remainder when 315 is divided by s?
60
Suppose -50*r + 11*r + 663 = 0. Calculate the remainder when 316 is divided by r.
10
Let x be 9/2 - (-10)/(-20). Let a(q) = q - 3 + 15 + x*q - 4*q. Calculate the remainder when 3 is divided by a(-11).
0
Let m(z) = -z**3 + 6*z**2 + 6*z + 18. Suppose -3*q - 2*q + 160 = 0. Calculate the remainder when q is divided by m(7).
10
Suppose -10*r = -12*r + 8. Calculate the remainder when 115 is divided by r.
3
Let w = 460 + -365. What is the remainder when 657 is divided by w?
87
Suppose 4*x - l + 3*l - 64 = 0, -3*x + 58 = 4*l. What is the remainder when x is divided by 204/28 + -7 - 66/(-14)?
4
Let y = 77 - 52. Let r = -222 + 229. What is the remainder when y is divided by r?
4
Suppose 0 = -5*u + 42 + 28. Suppose 4*c - 10 - u = 0. Calculate the remainder when 28 is divided by c.
4
Suppose -65*c + 4756 = 24*c - 7*c. Let w = 59 - 29. Calculate the remainder when c is divided by w.
28
Suppose -5*t - 2*o + 13 = 0, o - 10 = -4*t + 1. Suppose -3*y = t*b - 12, -4*b + 2*b = -y + 7. Let x(q) = 2*q. What is the remainder when 37 is divided by x(y)?
7
Let u(w) = 2 + 4*w**2 - 5*w**2 + 4*w + 8*w**2 - 6*w**2 - 2*w**3. What is the remainder when 54 is divided by u(-2)?
12
Let a(y) = 5*y**3 - 7*y**2 + 4*y - 8. Let t(u) = -u**3 - u - 1. Let m(c) = -a(c) - 4*t(c). Let h = 39 - 8. What is the remainder when h is divided by m(7)?
7
Let r be (-15)/(-7) - 4/28. Suppose 101 = -4*j - 5*a, 51 = -r*j - 6*a + 3*a. What is the remainder when 12 is divided by 38/6 + (-16)/j?
5
Suppose 0 = 3*n - 2*x - 105, 35 = n + 2*x + 2*x. Calculate the remainder when n is divided by 13.
9
Suppose z - 4*z + 33 = 0. Let i = -62 - -35. Let h = i - -58. Calculate the remainder when h is divided by z.
9
Let d(s) = -2*s**2 + 34*s - 20. Calculate the remainder when 437 is divided by d(15).
37
Let z = 35 - 35. Suppose z = b - 11 - 10. Calculate the remainder when b is divided by 4.
1
Let o = 31 - 23. What is the remainder when 159 is divided by o?
7
Let p(h) = -7*h - 3. What is the remainder when (((-54)/15)/(-6))/(1/25) is divided by p(-1)?
3
Let s = -2428 - -2585. Calculate the remainder when s is divided by 31.
2
Let a be -614 - ((-50)/2)/5. Calculate the remainder when 32 is divided by a/(-56) - (-2)/16.
10
Suppose 2*t + 145 = 2*f - 3*t, 5*f = 2*t + 331. Let c = 92 - f. Calculate the remainder when c is divided by 14.
13
Let v = 84 + 213. Calculate the remainder when v is divided by 101.
95
Let q = -42 - -85. Suppose m + 17 - q = 0. Calculate the remainder when 49 is divided by m.
23
Let n = 664 + -642. Calculate the remainder when 86 is divided by n.
20
Calculate the remainder when (-1)/(-1)*(74 + 5) is divided by 8.
7
Suppose 1 = 12*m + 133. Calculate the remainder when 58 is divided by 190/6 - (-3 + m/(-3)).
27
Let m(h) = -h**3 - 22*h**2 - 16*h + 112. What is the remainder when 96 is divided by m(-21)?
5
What is the remainder when 36 - (4 + (3 - 4)) is divided by 12?
9
Let v = 4 - -2. Let r(x) = x**2 - 6*x - 6. Let w be r(-2). Let h(q) = q + 17. Calculate the remainder when h(w) is divided by v.
3
Let b = -4 + 19. What is the remainder when 386 is divided by b?
11
Suppose -2*v = 2*s - 26, -2*s - 43*v + 26 = -42*v. What is the remainder when 218 is divided by s?
10
Suppose -10*y = -3*y - 343. What is the remainder when 390 is divided by y?
47
Suppose -5*u + 25 = 0, -4*g = 5*u + 1971 - 5312. Calculate the remainder when g is divided by 83.
82
Suppose 7403 = 17*u - 6*u. Calculate the remainder when u is divided by 135.
133
Suppose 5*d = -d + 54. What is the remainder when 15 is divided by d?
6
Suppose 47 = -4*t + 3*m, 4*t + 6*m + 71 = m. Let u = t + 25. Calculate the remainder when u is divided by 2*(4 - (-15)/(-6)).
2
Suppose 0 = -y + 3*y + 112. Let r = -38 - y. Suppose -4*p + r = -10. Calculate the remainder when 18 is divided by p.
4
Suppose -2*q + 3 + 7 = -4*x, -4*q = 2*x + 10. Let f(n) = -23*n - 6. Let 